{"id":97,"date":"2024-10-10T18:36:29","date_gmt":"2024-10-10T18:36:29","guid":{"rendered":"https:\/\/tecbombassp.com\/wfe\/?page_id=97"},"modified":"2024-10-14T18:28:44","modified_gmt":"2024-10-14T18:28:44","slug":"quem-somos","status":"publish","type":"page","link":"https:\/\/tecbombassp.com\/wfe\/quem-somos\/","title":{"rendered":"QUEM SOMOS"},"content":{"rendered":"\n<div style=\"height:62px\" aria-hidden=\"true\" class=\"wp-block-spacer\"><\/div>\n\n\n\n<p class=\"has-text-align-center\">Atuamos a mais de 12 anos no seguimento de sistemas SASC \u2013 Sistema Armazenamento Subterr\u00e2neo de Combust\u00edvel e SAAC \u2013 Sistema de Abastecimento A\u00e9reo de Combust\u00edveis.<br>Somos registrados no CREA-SP\/SC\/PR, habilitados e especializados na execu\u00e7\u00e3o de servi\u00e7os e assessoria em projetos no segmento de Postos de Combust\u00edveis, subterr\u00e2neos, a\u00e9reos, de baixa, m\u00e9dia e alta vaz\u00e3o. Sistemas de recalque e alimenta\u00e7\u00e3o de grupos geradores, piso polido em concreto armado e ensaios de estanqueidade.<br>Utilizando softwares de apoio com corpo t\u00e9cnico especializado, possu\u00edmos a experi\u00eancia necess\u00e1ria para garantir um alto n\u00edvel de qualidade e satisfa\u00e7\u00e3o, atendendo as metas corporativas de nossos clientes.<\/p>\n\n\n\n<div style=\"height:46px\" aria-hidden=\"true\" class=\"wp-block-spacer\"><\/div>\n\n\n\n<div class=\"wp-block-columns is-layout-flex wp-container-core-columns-is-layout-28f84493 wp-block-columns-is-layout-flex\">\n<div class=\"wp-block-column is-layout-flow wp-block-column-is-layout-flow\">\n<h4 class=\"wp-block-heading has-text-align-center\"><strong>Nossa Miss\u00e3o<\/strong><\/h4>\n\n\n\n<p>Prestar servi\u00e7os de maneira respons\u00e1vel, buscando sempre solu\u00e7\u00f5es eficientes e sustent\u00e1veis no armazenamento subterr\u00e2neo e a\u00e9reo de combust\u00edveis.<\/p>\n\n\n\n<div style=\"height:35px\" aria-hidden=\"true\" class=\"wp-block-spacer\"><\/div>\n<\/div>\n\n\n\n<div class=\"wp-block-column is-layout-flow wp-block-column-is-layout-flow\">\n<h4 class=\"wp-block-heading has-text-align-center\">Vis\u00e3o<\/h4>\n\n\n\n<p class=\"has-text-align-center\">Ser refer\u00eancia em armazenamento de combust\u00edveis e projetos especiais em ind\u00fastrias e afins.<\/p>\n\n\n\n<div style=\"height:36px\" aria-hidden=\"true\" class=\"wp-block-spacer\"><\/div>\n<\/div>\n\n\n\n<div class=\"wp-block-column is-layout-flow wp-block-column-is-layout-flow\">\n<h4 class=\"wp-block-heading has-text-align-center\">Valores<\/h4>\n\n\n\n<p class=\"has-text-align-center\">Trabalhar pautada pelo respeito ao meio ambiente, qualidade nos servi\u00e7os prestados e responsabilidade ambiental em parceria com os \u00f3rg\u00e3os competentes.<\/p>\n<\/div>\n<\/div>\n\n\n\n<div style=\"height:100px\" aria-hidden=\"true\" class=\"wp-block-spacer\"><\/div>\n\n\n\n<p><\/p>\n","protected":false},"excerpt":{"rendered":"<p>Atuamos a mais de 12 anos no seguimento de sistemas SASC \u2013 Sistema Armazenamento Subterr\u00e2neo de Combust\u00edvel e SAAC \u2013 Sistema de Abastecimento A\u00e9reo de Combust\u00edveis.Somos registrados no CREA-SP\/SC\/PR, habilitados e especializados na execu\u00e7\u00e3o de servi\u00e7os e assessoria em projetos no segmento de Postos de Combust\u00edveis, subterr\u00e2neos, a\u00e9reos, de baixa, m\u00e9dia e alta vaz\u00e3o. Sistemas [&hellip;]<\/p>\n","protected":false},"author":1,"featured_media":0,"parent":0,"menu_order":0,"comment_status":"closed","ping_status":"closed","template":"","meta":{"_eb_attr":"","_joinchat":[],"footnotes":""},"class_list":["post-97","page","type-page","status-publish","hentry"],"_links":{"self":[{"href":"https:\/\/tecbombassp.com\/wfe\/wp-json\/wp\/v2\/pages\/97","targetHints":{"allow":["GET"]}}],"collection":[{"href":"https:\/\/tecbombassp.com\/wfe\/wp-json\/wp\/v2\/pages"}],"about":[{"href":"https:\/\/tecbombassp.com\/wfe\/wp-json\/wp\/v2\/types\/page"}],"author":[{"embeddable":true,"href":"https:\/\/tecbombassp.com\/wfe\/wp-json\/wp\/v2\/users\/1"}],"replies":[{"embeddable":true,"href":"https:\/\/tecbombassp.com\/wfe\/wp-json\/wp\/v2\/comments?post=97"}],"version-history":[{"count":8,"href":"https:\/\/tecbombassp.com\/wfe\/wp-json\/wp\/v2\/pages\/97\/revisions"}],"predecessor-version":[{"id":422,"href":"https:\/\/tecbombassp.com\/wfe\/wp-json\/wp\/v2\/pages\/97\/revisions\/422"}],"wp:attachment":[{"href":"https:\/\/tecbombassp.com\/wfe\/wp-json\/wp\/v2\/media?parent=97"}],"curies":[{"name":"wp","href":"https:\/\/api.w.org\/{rel}","templated":true}]}}